{"id":60,"date":"2022-11-07T11:02:43","date_gmt":"2022-11-07T10:02:43","guid":{"rendered":"https:\/\/www.lern-mit-martina.at\/?page_id=60"},"modified":"2023-12-21T21:50:01","modified_gmt":"2023-12-21T20:50:01","slug":"kosten-und-bezahlung","status":"publish","type":"page","link":"https:\/\/www.lern-mit-martina.at\/?page_id=60","title":{"rendered":"Kosten und Bezahlung"},"content":{"rendered":"\n<figure class=\"wp-block-table\"><table><tbody><tr><td><strong>Unterrichtsdauer<\/strong><\/td><td><strong>Preis<\/strong>*<\/td><\/tr><tr><td>25 Minuten<\/td><td>16 \u20ac<\/td><\/tr><tr><td>50 Minuten<\/td><td>30 \u20ac<\/td><\/tr><\/tbody><\/table><figcaption class=\"wp-element-caption\">Preise f\u00fcr unterschiedliche Unterrichtsdauer<\/figcaption><\/figure>\n\n\n\n<p>* Preise g\u00fcltig ab 7. November 2022<\/p>\n\n\n\n<p>Die Erfahrung hat gezeigt, dass eine Unterrichtsdauer von mehr als 2 Stunden nicht empfehlenswert ist. <\/p>\n\n\n\n<p><strong>Preiswertes Schnuppertreffen<\/strong><\/p>\n\n\n\n<p>Damit Sch\u00fcler die Nachhilfelehrer kennenlernen und sich an die virtuelle Lernumgebung gew\u00f6hnen, wird ein 50-min\u00fctiges Schnuppertreffen um 16 \u20ac angeboten.<\/p>\n\n\n\n<p><strong>Wochentage und Zeiten<\/strong><\/p>\n\n\n\n<p>T\u00e4glich von 8 bis 20 Uhr, also auch an Samstag und Sonn- oder Feiertage m\u00f6glich!<\/p>\n\n\n\n<p><strong>Bezahlung<\/strong><\/p>\n\n\n\n<p>Die Bezahlung erfolgt am einfachsten per Bank\u00fcberweisung.<\/p>\n","protected":false},"excerpt":{"rendered":"<p>Unterrichtsdauer Preis* 25 Minuten 16 \u20ac 50 Minuten 30 \u20ac Preise f\u00fcr unterschiedliche Unterrichtsdauer * Preise g\u00fcltig ab 7. November 2022 Die Erfahrung hat gezeigt, dass eine Unterrichtsdauer von mehr als 2 Stunden nicht empfehlenswert ist. Preiswertes Schnuppertreffen Damit Sch\u00fcler die Nachhilfelehrer kennenlernen und sich an die virtuelle Lernumgebung gew\u00f6hnen, wird ein 50-min\u00fctiges Schnuppertreffen um [&hellip;]<\/p>\n","protected":false},"author":1,"featured_media":0,"parent":0,"menu_order":0,"comment_status":"closed","ping_status":"closed","template":"","meta":{"footnotes":""},"class_list":["post-60","page","type-page","status-publish","hentry"],"_links":{"self":[{"href":"https:\/\/www.lern-mit-martina.at\/index.php?rest_route=\/wp\/v2\/pages\/60","targetHints":{"allow":["GET"]}}],"collection":[{"href":"https:\/\/www.lern-mit-martina.at\/index.php?rest_route=\/wp\/v2\/pages"}],"about":[{"href":"https:\/\/www.lern-mit-martina.at\/index.php?rest_route=\/wp\/v2\/types\/page"}],"author":[{"embeddable":true,"href":"https:\/\/www.lern-mit-martina.at\/index.php?rest_route=\/wp\/v2\/users\/1"}],"replies":[{"embeddable":true,"href":"https:\/\/www.lern-mit-martina.at\/index.php?rest_route=%2Fwp%2Fv2%2Fcomments&post=60"}],"version-history":[{"count":9,"href":"https:\/\/www.lern-mit-martina.at\/index.php?rest_route=\/wp\/v2\/pages\/60\/revisions"}],"predecessor-version":[{"id":155,"href":"https:\/\/www.lern-mit-martina.at\/index.php?rest_route=\/wp\/v2\/pages\/60\/revisions\/155"}],"wp:attachment":[{"href":"https:\/\/www.lern-mit-martina.at\/index.php?rest_route=%2Fwp%2Fv2%2Fmedia&parent=60"}],"curies":[{"name":"wp","href":"https:\/\/api.w.org\/{rel}","templated":true}]}}